{"id":2,"date":"2025-12-26T16:22:37","date_gmt":"2025-12-26T16:22:37","guid":{"rendered":"http:\/\/chaletorcieresalpes.com\/?page_id=2"},"modified":"2026-01-05T15:31:46","modified_gmt":"2026-01-05T15:31:46","slug":"tryptique","status":"publish","type":"page","link":"https:\/\/chaletorcieresalpes.com\/index.php\/tryptique\/","title":{"rendered":"Triptyque"},"content":{"rendered":"\n<div id=\"wp-block-themeisle-blocks-slider-4c8078c6\" class=\"wp-block-themeisle-blocks-slider glide\" data-per-view=\"2\" data-gap=\"30\" data-peek=\"0\" data-autoplay=\"5000\" data-height=\"600px\" data-hide-arrows=\"false\"><div class=\"glide__track\" data-glide-el=\"track\"><div class=\"glide__slides\"><div class=\"wp-block-themeisle-blocks-slider-item-wrapper glide__slide\" tabindex=\"0\"><figure><img decoding=\"async\" class=\"wp-block-themeisle-blocks-slider-item\" src=\"http:\/\/chaletorcieresalpes.com\/wp-content\/uploads\/2026\/01\/IMG_5594-1-scaled.jpg\" alt=\"\" title=\"\" data-id=\"379\"\/><\/figure><\/div><div class=\"wp-block-themeisle-blocks-slider-item-wrapper glide__slide\" tabindex=\"0\"><figure><img decoding=\"async\" class=\"wp-block-themeisle-blocks-slider-item\" src=\"http:\/\/chaletorcieresalpes.com\/wp-content\/uploads\/2025\/12\/INT3.jpg\" alt=\"\" title=\"\" data-id=\"73\"\/><figcaption>Coin repas<\/figcaption><\/figure><\/div><div class=\"wp-block-themeisle-blocks-slider-item-wrapper glide__slide\" tabindex=\"0\"><figure><img decoding=\"async\" class=\"wp-block-themeisle-blocks-slider-item\" src=\"http:\/\/chaletorcieresalpes.com\/wp-content\/uploads\/2026\/01\/IMG_2335-1-scaled.jpg\" alt=\"\" title=\"\" data-id=\"308\"\/><\/figure><\/div><div class=\"wp-block-themeisle-blocks-slider-item-wrapper glide__slide\" tabindex=\"0\"><figure><img decoding=\"async\" class=\"wp-block-themeisle-blocks-slider-item\" src=\"http:\/\/chaletorcieresalpes.com\/wp-content\/uploads\/2026\/01\/adcacb61-675b-41d1-b230-02b1731e7920.jpg\" alt=\"\" title=\"\" data-id=\"304\"\/><\/figure><\/div><div class=\"wp-block-themeisle-blocks-slider-item-wrapper glide__slide\" tabindex=\"0\"><figure><img decoding=\"async\" class=\"wp-block-themeisle-blocks-slider-item\" src=\"http:\/\/chaletorcieresalpes.com\/wp-content\/uploads\/2026\/01\/INT1.jpg\" alt=\"\" title=\"\" data-id=\"403\"\/><\/figure><\/div><div class=\"wp-block-themeisle-blocks-slider-item-wrapper glide__slide\" tabindex=\"0\"><figure><img decoding=\"async\" class=\"wp-block-themeisle-blocks-slider-item\" src=\"http:\/\/chaletorcieresalpes.com\/wp-content\/uploads\/2025\/12\/INT6.jpg\" alt=\"\" title=\"\" data-id=\"76\"\/><\/figure><\/div><div class=\"wp-block-themeisle-blocks-slider-item-wrapper glide__slide\" tabindex=\"0\"><figure><img decoding=\"async\" class=\"wp-block-themeisle-blocks-slider-item\" src=\"http:\/\/chaletorcieresalpes.com\/wp-content\/uploads\/2025\/12\/INT11.jpg\" alt=\"\" title=\"\" data-id=\"79\"\/><figcaption>1\u00e8re chambre du rez de chauss\u00e9e<\/figcaption><\/figure><\/div><div class=\"wp-block-themeisle-blocks-slider-item-wrapper glide__slide\" tabindex=\"0\"><figure><img decoding=\"async\" class=\"wp-block-themeisle-blocks-slider-item\" src=\"http:\/\/chaletorcieresalpes.com\/wp-content\/uploads\/2025\/12\/INT13.jpg\" alt=\"\" title=\"\" data-id=\"81\"\/><figcaption>2\u00e8me chambre du rez de chauss\u00e9e<\/figcaption><\/figure><\/div><div class=\"wp-block-themeisle-blocks-slider-item-wrapper glide__slide\" tabindex=\"0\"><figure><img decoding=\"async\" class=\"wp-block-themeisle-blocks-slider-item\" src=\"http:\/\/chaletorcieresalpes.com\/wp-content\/uploads\/2025\/12\/INT17.jpg\" alt=\"\" title=\"\" data-id=\"85\"\/><figcaption>Salle de bain du rez de chauss\u00e9e<\/figcaption><\/figure><\/div><div class=\"wp-block-themeisle-blocks-slider-item-wrapper glide__slide\" tabindex=\"0\"><figure><img decoding=\"async\" class=\"wp-block-themeisle-blocks-slider-item\" src=\"http:\/\/chaletorcieresalpes.com\/wp-content\/uploads\/2026\/01\/3479205f-89ef-4076-b85b-0989e70e60df.jpg\" alt=\"\" title=\"\" data-id=\"303\"\/><figcaption>Mezzanine<\/figcaption><\/figure><\/div><div class=\"wp-block-themeisle-blocks-slider-item-wrapper glide__slide\" tabindex=\"0\"><figure><img decoding=\"async\" class=\"wp-block-themeisle-blocks-slider-item\" src=\"http:\/\/chaletorcieresalpes.com\/wp-content\/uploads\/2026\/01\/IMG_2318-scaled.jpg\" alt=\"\" title=\"\" data-id=\"298\"\/><figcaption>Vue de la mezzanine<\/figcaption><\/figure><\/div><div class=\"wp-block-themeisle-blocks-slider-item-wrapper glide__slide\" tabindex=\"0\"><figure><img decoding=\"async\" class=\"wp-block-themeisle-blocks-slider-item\" src=\"http:\/\/chaletorcieresalpes.com\/wp-content\/uploads\/2025\/12\/INT14.jpg\" alt=\"\" title=\"\" data-id=\"82\"\/><figcaption>3\u00e8me chambre \u00e0 l&rsquo;\u00e9tage<\/figcaption><\/figure><\/div><div class=\"wp-block-themeisle-blocks-slider-item-wrapper glide__slide\" tabindex=\"0\"><figure><img decoding=\"async\" class=\"wp-block-themeisle-blocks-slider-item\" src=\"http:\/\/chaletorcieresalpes.com\/wp-content\/uploads\/2025\/12\/INT15.jpg\" alt=\"\" title=\"\" data-id=\"83\"\/><figcaption>3\u00e8me chambre<\/figcaption><\/figure><\/div><div class=\"wp-block-themeisle-blocks-slider-item-wrapper glide__slide\" tabindex=\"0\"><figure><img decoding=\"async\" class=\"wp-block-themeisle-blocks-slider-item\" src=\"http:\/\/chaletorcieresalpes.com\/wp-content\/uploads\/2025\/12\/INT16.jpg\" alt=\"\" title=\"\" data-id=\"84\"\/><figcaption>4\u00e8me chambre \u00e0 l&rsquo;\u00e9tage<\/figcaption><\/figure><\/div><div class=\"wp-block-themeisle-blocks-slider-item-wrapper glide__slide\" tabindex=\"0\"><figure><img decoding=\"async\" class=\"wp-block-themeisle-blocks-slider-item\" src=\"http:\/\/chaletorcieresalpes.com\/wp-content\/uploads\/2026\/01\/INT19.jpg\" alt=\"\" title=\"\" data-id=\"410\"\/><figcaption>Salle de bain de l&rsquo;\u00e9tage<\/figcaption><\/figure><\/div><div class=\"wp-block-themeisle-blocks-slider-item-wrapper glide__slide\" tabindex=\"0\"><figure><img decoding=\"async\" class=\"wp-block-themeisle-blocks-slider-item\" src=\"http:\/\/chaletorcieresalpes.com\/wp-content\/uploads\/2026\/01\/INT18.jpg\" alt=\"\" title=\"\" data-id=\"409\"\/><figcaption>Salle de bain de l&rsquo;\u00e9tage<\/figcaption><\/figure><\/div><div class=\"wp-block-themeisle-blocks-slider-item-wrapper glide__slide\" tabindex=\"0\"><figure><img decoding=\"async\" class=\"wp-block-themeisle-blocks-slider-item\" src=\"http:\/\/chaletorcieresalpes.com\/wp-content\/uploads\/2026\/01\/IMG_3254-1-scaled.jpg\" alt=\"\" title=\"\" data-id=\"309\"\/><\/figure><\/div><div class=\"wp-block-themeisle-blocks-slider-item-wrapper glide__slide\" tabindex=\"0\"><figure><img decoding=\"async\" class=\"wp-block-themeisle-blocks-slider-item\" src=\"http:\/\/chaletorcieresalpes.com\/wp-content\/uploads\/2026\/01\/IMG_4778-rotated.jpg\" alt=\"\" title=\"\" data-id=\"378\"\/><\/figure><\/div><div class=\"wp-block-themeisle-blocks-slider-item-wrapper glide__slide\" tabindex=\"0\"><figure><img decoding=\"async\" class=\"wp-block-themeisle-blocks-slider-item\" src=\"http:\/\/chaletorcieresalpes.com\/wp-content\/uploads\/2026\/01\/IMG_2971-scaled.jpg\" alt=\"\" title=\"\" data-id=\"367\"\/><\/figure><\/div><div class=\"wp-block-themeisle-blocks-slider-item-wrapper glide__slide\" tabindex=\"0\"><figure><img decoding=\"async\" class=\"wp-block-themeisle-blocks-slider-item\" src=\"http:\/\/chaletorcieresalpes.com\/wp-content\/uploads\/2025\/12\/IMG_68471.jpg\" alt=\"\" title=\"\" data-id=\"142\"\/><figcaption>Mer de nuage vue du chalet<\/figcaption><\/figure><\/div><div class=\"wp-block-themeisle-blocks-slider-item-wrapper glide__slide\" tabindex=\"0\"><figure><img decoding=\"async\" class=\"wp-block-themeisle-blocks-slider-item\" src=\"http:\/\/chaletorcieresalpes.com\/wp-content\/uploads\/2026\/01\/IMG_3864.jpg\" alt=\"\" title=\"\" data-id=\"370\"\/><figcaption>vue du chalet<\/figcaption><\/figure><\/div><div class=\"wp-block-themeisle-blocks-slider-item-wrapper glide__slide\" tabindex=\"0\"><figure><img decoding=\"async\" class=\"wp-block-themeisle-blocks-slider-item\" src=\"http:\/\/chaletorcieresalpes.com\/wp-content\/uploads\/2026\/01\/a26c4f95-6c77-402c-99a1-a478edef91b5.jpg\" alt=\"\" title=\"\" data-id=\"402\"\/><\/figure><\/div><div class=\"wp-block-themeisle-blocks-slider-item-wrapper glide__slide\" tabindex=\"0\"><figure><img decoding=\"async\" class=\"wp-block-themeisle-blocks-slider-item\" src=\"http:\/\/chaletorcieresalpes.com\/wp-content\/uploads\/2026\/01\/04a47dbe-43a2-431a-b363-5cc23d4a8a84.jpg\" alt=\"\" title=\"\" data-id=\"400\"\/><\/figure><\/div><div class=\"wp-block-themeisle-blocks-slider-item-wrapper glide__slide\" tabindex=\"0\"><figure><img decoding=\"async\" class=\"wp-block-themeisle-blocks-slider-item\" src=\"http:\/\/chaletorcieresalpes.com\/wp-content\/uploads\/2025\/12\/cropped-EXT3-1-rotated-1.jpg\" alt=\"\" title=\"\" data-id=\"141\"\/><\/figure><\/div><\/div><div class=\"glide__bullets\" data-glide-el=\"controls[nav]\"><button class=\"glide__bullet\" data-glide-dir=\"=0\"><\/button><button class=\"glide__bullet\" data-glide-dir=\"=1\"><\/button><button class=\"glide__bullet\" data-glide-dir=\"=2\"><\/button><button class=\"glide__bullet\" data-glide-dir=\"=3\"><\/button><button class=\"glide__bullet\" data-glide-dir=\"=4\"><\/button><button class=\"glide__bullet\" data-glide-dir=\"=5\"><\/button><button class=\"glide__bullet\" data-glide-dir=\"=6\"><\/button><button class=\"glide__bullet\" data-glide-dir=\"=7\"><\/button><button class=\"glide__bullet\" data-glide-dir=\"=8\"><\/button><button class=\"glide__bullet\" data-glide-dir=\"=9\"><\/button><button class=\"glide__bullet\" data-glide-dir=\"=10\"><\/button><button class=\"glide__bullet\" data-glide-dir=\"=11\"><\/button><button class=\"glide__bullet\" data-glide-dir=\"=12\"><\/button><button class=\"glide__bullet\" data-glide-dir=\"=13\"><\/button><button class=\"glide__bullet\" data-glide-dir=\"=14\"><\/button><button class=\"glide__bullet\" data-glide-dir=\"=15\"><\/button><button class=\"glide__bullet\" data-glide-dir=\"=16\"><\/button><button class=\"glide__bullet\" data-glide-dir=\"=17\"><\/button><button class=\"glide__bullet\" data-glide-dir=\"=18\"><\/button><button class=\"glide__bullet\" data-glide-dir=\"=19\"><\/button><button class=\"glide__bullet\" data-glide-dir=\"=20\"><\/button><button class=\"glide__bullet\" data-glide-dir=\"=21\"><\/button><button class=\"glide__bullet\" data-glide-dir=\"=22\"><\/button><button class=\"glide__bullet\" data-glide-dir=\"=23\"><\/button><\/div><\/div><\/div>\n\n\n\n<figure class=\"wp-block-image size-full is-resized\"><img loading=\"lazy\" decoding=\"async\" width=\"604\" height=\"343\" src=\"http:\/\/chaletorcieresalpes.com\/wp-content\/uploads\/2026\/01\/Capture-decran-2026-01-02-213433.png\" alt=\"\" class=\"wp-image-392\" style=\"width:1200px;height:auto\" srcset=\"https:\/\/chaletorcieresalpes.com\/wp-content\/uploads\/2026\/01\/Capture-decran-2026-01-02-213433.png 604w, https:\/\/chaletorcieresalpes.com\/wp-content\/uploads\/2026\/01\/Capture-decran-2026-01-02-213433-300x170.png 300w\" sizes=\"auto, (max-width: 604px) 100vw, 604px\" \/><\/figure>\n\n\n\n<blockquote class=\"wp-block-quote is-layout-flow wp-block-quote-is-layout-flow\">\n<p><strong>REZ DE CHAUSS\u00c9E DU CHALET<\/strong><br>Cuisine avec tout le confort ouverte sur le salon<br>Grande baie vitr\u00e9e donnant sur une terrasse de 20 m\u00b2 en belv\u00e9d\u00e8re avec vue panoramique sur la station expos\u00e9e plein sud.<\/p>\n\n\n\n<p>Salon avec TV et po\u00eale \u00e0 granul\u00e9s<\/p>\n\n\n\n<p>1 \u00e8re chambre avec 2 couchages (lit double 160&#215;200)<br>2\u00e8me chambre avec 2 couchages (lit double 160&#215;200)<\/p>\n\n\n\n<p><br>Salle d&rsquo;eau avec douche et double vasque. <\/p>\n\n\n\n<p>WC ind\u00e9pendant.<br>Buanderie avec lave-linge.<\/p>\n\n\n\n<p><br><span style=\"text-decoration: underline;\"><strong>A L&rsquo;\u00c9TAGE :<\/strong><\/span><br>Mezzanine avec une vue imprenable sur la station et les montagnes<br>3\u00e8me chambre avec 04 couchages (1 lit double en 140 et 1 lit gigogne en 80)<br>4\u00e8me chambre avec 04 couchages (1 lit superpos\u00e9 en 90 et 1 lit gigogne en 80)<br>Salle de bain avec baignoire et lavabo simple. WC ind\u00e9pendant.<br>Parking gratuit proche du chalet.<br>Exposition sud-est<\/p>\n\n\n\n<ul class=\"wp-block-list\">\n<li><strong>Confort<\/strong><br>R\u00e9frig\u00e9rateur \/ Cong\u00e9lateur<br>Lave vaisselle<br>Four et Micro-ondes<br>Cafeti\u00e8re expresso et familiale<br>T\u00e9l\u00e9vision<br>Acc\u00e8s Internet privatif <strong>Wifi<\/strong><br>Po\u00eale \u00e0 granul\u00e9s<br>Lave linge<br><\/li>\n\n\n\n<li><strong>Equipements<\/strong><br>Parking<br>Habitation ind\u00e9pendante<br>Terrasse<\/li>\n<\/ul>\n<\/blockquote>\n\n\n<div style=\"height:400pxpx;\" class=\"wp-block-themeisle-blocks-leaflet-map\" id=\"wp-block-themeisle-blocks-leaflet-map-f4a066e6\"><\/div>\n<script type=\"text\/javascript\">\n\t\/* <![CDATA[ *\/\n\t\tif ( ! window.themeisleLeafletMaps ) window.themeisleLeafletMaps =[];\n\t\twindow.themeisleLeafletMaps.push( { container: \"wp-block-themeisle-blocks-leaflet-map-f4a066e6\", attributes: {\"id\":\"wp-block-themeisle-blocks-leaflet-map-f4a066e6\",\"location\":\"91 Imp. des Vieux Chalets, 05170 Orci\\u00e8res\",\"latitude\":\"44.69622559190645\",\"longitude\":\"6.319072544574738\",\"bbox\":\"6.315856575965882,44.6954629320693,6.322293877601624,44.696988241699096\",\"zoom\":18,\"markers\":[{\"id\":\"4a86f146-e240-4994-83ed-689e55e329b5\",\"latitude\":44.69622559190645,\"longitude\":6.319075226783753,\"title\":\"Add a title\",\"description\":\"\"}],\"height\":\"400px\",\"zoomControl\":true,\"draggable\":true,\"hasCustomCSS\":false,\"customCSS\":\"\",\"otterConditions\":[]} } );\n\t\/* ]]> *\/\n<\/script>\n","protected":false},"excerpt":{"rendered":"","protected":false},"author":1,"featured_media":0,"parent":0,"menu_order":0,"comment_status":"closed","ping_status":"closed","template":"","meta":{"site-sidebar-layout":"default","site-content-layout":"","ast-site-content-layout":"default","site-content-style":"default","site-sidebar-style":"default","ast-global-header-display":"","ast-banner-title-visibility":"","ast-main-header-display":"","ast-hfb-above-header-display":"","ast-hfb-below-header-display":"","ast-hfb-mobile-header-display":"","site-post-title":"","ast-breadcrumbs-content":"","ast-featured-img":"","footer-sml-layout":"","ast-disable-related-posts":"","theme-transparent-header-meta":"","adv-header-id-meta":"","stick-header-meta":"","header-above-stick-meta":"","header-main-stick-meta":"","header-below-stick-meta":"","astra-migrate-meta-layouts":"default","ast-page-background-enabled":"default","ast-page-background-meta":{"desktop":{"background-color":"var(--ast-global-color-5)","background-image":"","background-repeat":"repeat","background-position":"center center","background-size":"auto","background-attachment":"scroll","background-type":"","background-media":"","overlay-type":"","overlay-color":"","overlay-opacity":"","overlay-gradient":""},"tablet":{"background-color":"","background-image":"","background-repeat":"repeat","background-position":"center center","background-size":"auto","background-attachment":"scroll","background-type":"","background-media":"","overlay-type":"","overlay-color":"","overlay-opacity":"","overlay-gradient":""},"mobile":{"background-color":"","background-image":"","background-repeat":"repeat","background-position":"center center","background-size":"auto","background-attachment":"scroll","background-type":"","background-media":"","overlay-type":"","overlay-color":"","overlay-opacity":"","overlay-gradient":""}},"ast-content-background-meta":{"desktop":{"background-color":"var(--ast-global-color-4)","background-image":"","background-repeat":"repeat","background-position":"center center","background-size":"auto","background-attachment":"scroll","background-type":"","background-media":"","overlay-type":"","overlay-color":"","overlay-opacity":"","overlay-gradient":""},"tablet":{"background-color":"var(--ast-global-color-4)","background-image":"","background-repeat":"repeat","background-position":"center center","background-size":"auto","background-attachment":"scroll","background-type":"","background-media":"","overlay-type":"","overlay-color":"","overlay-opacity":"","overlay-gradient":""},"mobile":{"background-color":"var(--ast-global-color-4)","background-image":"","background-repeat":"repeat","background-position":"center center","background-size":"auto","background-attachment":"scroll","background-type":"","background-media":"","overlay-type":"","overlay-color":"","overlay-opacity":"","overlay-gradient":""}},"advanced_seo_description":"","jetpack_seo_html_title":"","jetpack_seo_noindex":false,"_themeisle_gutenberg_block_has_review":false,"footnotes":""},"class_list":["post-2","page","type-page","status-publish","hentry"],"jetpack_sharing_enabled":true,"_links":{"self":[{"href":"https:\/\/chaletorcieresalpes.com\/index.php\/wp-json\/wp\/v2\/pages\/2","targetHints":{"allow":["GET"]}}],"collection":[{"href":"https:\/\/chaletorcieresalpes.com\/index.php\/wp-json\/wp\/v2\/pages"}],"about":[{"href":"https:\/\/chaletorcieresalpes.com\/index.php\/wp-json\/wp\/v2\/types\/page"}],"author":[{"embeddable":true,"href":"https:\/\/chaletorcieresalpes.com\/index.php\/wp-json\/wp\/v2\/users\/1"}],"replies":[{"embeddable":true,"href":"https:\/\/chaletorcieresalpes.com\/index.php\/wp-json\/wp\/v2\/comments?post=2"}],"version-history":[{"count":32,"href":"https:\/\/chaletorcieresalpes.com\/index.php\/wp-json\/wp\/v2\/pages\/2\/revisions"}],"predecessor-version":[{"id":432,"href":"https:\/\/chaletorcieresalpes.com\/index.php\/wp-json\/wp\/v2\/pages\/2\/revisions\/432"}],"wp:attachment":[{"href":"https:\/\/chaletorcieresalpes.com\/index.php\/wp-json\/wp\/v2\/media?parent=2"}],"curies":[{"name":"wp","href":"https:\/\/api.w.org\/{rel}","templated":true}]}}